 27. Let g be 96/b*3/(-2). Suppose -o + 14 = 2*h, -g = h - 4*h - 4*o. What is the highest common divisor of h and 8?
8
Suppose 0 = 4*s - 230 - 378. Calculate the highest common factor of 24 and s.
8
Let d be (-3)/((-147)/14) + 9950/14. Calculate the greatest common factor of 9 and d.
9
Let u(h) = 7*h + 24. Let c be u(-3). What is the greatest common divisor of c and 69?
3
Let p(n) = 5*n**3 - n**2 + 1. Let u be (-744)/16*4/(-6). Let z = -30 + u. Let d be p(z). Calculate the highest common factor of d and 5.
5
Suppose -5*c + 8 = -7. Suppose -c*z = 3*m - 2*z - 167, 3*m - 169 = z. Calculate the highest common factor of m and 140.
28
Let k(q) = 1. Let g(u) = -2*u**3 - 4*u**2 - 5. Let d(c) = g(c) + 4*k(c). Let m = 5 - 8. Let p be d(m). What is the highest common divisor of p and 17?
17
Let n = 1017 - 1008. Calculate the highest common factor of 171 and n.
9
Let z be (-148)/20 + 9/(-15). Let v = 8 + z. Suppose u = 4*c + 7, v = u - 4*u - 2*c + 63. Calculate the highest common factor of 76 and u.
19
Suppose 5*j - 82 = -b - 12, 20 = 4*b. Suppose 0 = 16*u - j*u - 21. Calculate the greatest common divisor of 21 and u.
7
Let y(u) = -7*u - 17 - 33*u**2 + 16*u**2 + 19*u**2. Let t be y(-9). Calculate the highest common factor of t and 52.
52
Let t = 9 + -7. Let w = 10 - t. Let r be -3 - ((-190)/5 - -3). What is the greatest common divisor of r and w?
8
Suppose 4*u = 3*g + 690, 20*u + 354 = 22*u - 3*g. Let s(c) = 24*c**2 + c + 1. Let y be s(-1). What is the greatest common factor of y and u?
24
Suppose 4*o + 23*o - 858 = 5*o. Let q be (3/(-2))/(6/(-104)). Calculate the greatest common factor of q and o.
13
Let m be ((-8)/(-10))/((-4)/(-180)). Calculate the greatest common factor of m and 30.
6
Let z be (1/(-3))/(1/(-15)). Let w be 2/z + 106/10. Let t = w + -3. What is the highest common divisor of 80 and t?
8
Let o = -2817 + 2826. Suppose -21 = -5*a + 69. Calculate the greatest common divisor of a and o.
9
Suppose 3*r + 91 = -4*b, -4*b - 2*r - 84 = 10. Suppose -47 - 37 = 6*n. Let c = n - b. Calculate the highest common factor of c and 121.
11
Let z(n) = n**2 + 16*n + 77. Let p be z(-8). What is the highest common divisor of p and 104?
13
Let g(w) = w**3 + 3*w**2 - 7*w - 6. Let m be g(-4). Suppose -2*q = m*q - 128. Calculate the greatest common divisor of 2 and q.
2
Let t = -141 - -77. Let x = -49 - t. What is the greatest common divisor of 105 and x?
15
Let g(f) = f**2 - 25*f - 40. Let d be g(33). What is the greatest common factor of d and 64?
32
Let s = 30 + -4. Let l = 30 - -35. What is the greatest common divisor of l and s?
13
Suppose 5*l = -4*u - 63, -3*u = 3*l + 29 + 7. Let d(x) = -x - 12. Let s be d(l). Let v be 1*2*2/4. Calculate the greatest common divisor of v and s.
1
Suppose -3*p - 3 + 31 = y, 3*y + 70 = 5*p. What is the greatest common factor of 4 and p?
1
Suppose 82 = 24*k - 22*k. Calculate the highest common factor of 205 and k.
41
Suppose 0 = 7*h - 362 + 222. Let d be 4/5*(-25)/(-10). Let y be 6 + (1 - d - -3). What is the highest common factor of h and y?
4
Let o = 16 + -8. Let y be 2*2*4/o. Suppose -y*x = -2*b, -3*b - 2*x + 16 = -b. Calculate the highest common factor of 8 and b.
4
Let z(d) = d**3 - 17*d**2 - 32*d + 54. Let k be z(19). What is the greatest common divisor of 210 and k?
42
Let i be (1/1 + 4/(-8))*0. Suppose 0 = -p + 2*w - w + 99, 3*p - 2*w - 293 = i. Calculate the greatest common factor of 38 and p.
19
Suppose -5*x = 2*b - 17, 4*b + 0*x - 22 = 2*x. Let y be -4 + -8 + -1 + -2. Let q be (-8)/(-6) - y/9. What is the greatest common factor of b and q?
3
Let x = 65 + -9. Suppose -5*j + 33 + 1 = -6. What is the greatest common divisor of x and j?
8
Let v(r) = -r**2 + 18*r - 8. Let k be v(14). Suppose -j + k - 2 = -3*y, -34 = -j - 3*y. What is the greatest common factor of 70 and j?
10
Let s = -7 - -12. Let j = 33 - 22. Let c be j/9 + (-14)/63. What is the highest common factor of c and s?
1
Let w = -525 - -529. Calculate the greatest common divisor of 484 and w.
4
Let r be 85 - 0 - (-9 - -14 - 10). Calculate the greatest common divisor of r and 60.
30
Let q(z) = -z**3 + 14*z**2 + z - 11. Let x be q(14). Suppose x + 0 = 3*k. Let l = k - -10. What is the greatest common factor of l and 55?
11
Let u(l) = 12*l**2 - 10*l + 14. Let b be u(2). Calculate the highest common divisor of b and 189.
21
Let u be (-466)/(-14)*7 - 1*3. Calculate the highest common divisor of u and 30.
10
Let s(z) = -5*z - 9. Let n be s(-5). Suppose 0 = -5*q - 3*h + 2*h + n, -24 = -4*q + 2*h. Calculate the highest common divisor of q and 8.
4
Suppose -5*c = -3*c. Suppose 7*o - o - 18 = c. Suppose 6 + 15 = o*p. What is the highest common factor of p and 77?
7
Let l = 14 - 25. Let y = 22 + l. Let b = 19 + y. What is the highest common factor of 30 and b?
30
Suppose -4*j = 12 + 4. Let i be j/10*(2 - -3). Let c = 3 - i. Calculate the greatest common factor of 10 and c.
5
Suppose i + 3*b - 35 = -7, b = -4*i + 156. Calculate the greatest common factor of 360 and i.
40
Suppose 5*f + 146 = 4*r, r - 4*f + 1 = 32. Let p = 12 + -18. Let h be (p/9)/(1/(-39)). What is the greatest common factor of r and h?
13
Let b be (48/40)/((-2)/(-5)). Let w be b*(-2 - (-77)/3) - 3. Calculate the highest common divisor of w and 17.
17
Let f(k) = 68*k**2 + k. Let r be f(1). Let n = r - -43. Calculate the greatest common divisor of 28 and n.
28
Suppose 5*o + 67 = 22. Let z(b) = -3*b + 10. Let k be z(o). Calculate the greatest common divisor of k and 185.
37
Let b be (2/3)/(1/(-6)). Let z be (-72)/42 - b/(-14). Let f(x) = -x**3 + x**2 + 1. Let c be f(z). What is the greatest common factor of 65 and c?
13
Let o = -1616 - -1647. What is the greatest common divisor of 62 and o?
31
Let r(x) = -2*x**2 + 40*x + 71. Let i be r(18). What is the highest common divisor of 22 and i?
11
Let s(l) = l**3 + 8*l**2 + 2*l - 15. Let m be s(-5). Suppose 3 = x - 0, -w = -x + 26. Let b = w + m. What is the greatest common divisor of 243 and b?
27
Suppose -o + 25 = -0*o. Let r = o + -14. What is the highest common divisor of r and 77?
11
Let s = -6 - -7. Let d(l) = -335*l**3 + l**2 - l. Let w be d(s). Let p be w/(-10) - (-1)/(-2). Calculate the greatest common factor of p and 3.
3
Suppose -318 = -3*n - 120. Calculate the highest common divisor of 462 and n.
66
Let c = -47 - -49. Suppose c*x + 16 - 20 = 0. Calculate the greatest common divisor of 1 and x.
1
Let u be -1*12 - (-2 - 1 - 0). Let c = u - -58. What is the greatest common factor of 7 and c?
7
Suppose -2*z + 1 + 7 = 0, 128 = 3*c + 5*z. What is the greatest common divisor of 576 and c?
36
Let o(r) = -r**2 + 5*r + 9. Let s be o(4). Suppose 112 = s*w - 5*w. What is the greatest common divisor of w and 2?
2
Let n = -53 + 55. Let u = n + 46. Calculate the highest common factor of 12 and u.
12
Let y = -16 + 26. Suppose 4*a - 9*l + 4*l = 155, 5*a - 2*l - 198 = 0. What is the greatest common factor of a and y?
10
Let d(w) = -w + 25. Let o be d(7). What is the highest common factor of 72 and o?
18
Let r = -352 - -477. What is the greatest common factor of r and 10?
5
Suppose -2*y = 3*y. Let n = 21 + y. Suppose -x - 3 = -6. What is the greatest common divisor of n and x?
3
Let a = 165 + -25. What is the greatest common divisor of a and 320?
20
Let t(l) = l**3 - l**2 + 2*l - 4. Let g be t(0). Let o be 2*25*(-2)/g. What is the greatest common factor of 10 and o?
5
Let i = 0 - -2. Let a = 1 - i. Let s be 1*111 - (a + 0). What is the greatest common divisor of s and 16?
16
Let n be (-38)/4*(-13 - 3). Let f be (-1 - -15)/1 + -25 + 30. Calculate the highest common divisor of f and n.
19
Let i be 37 + (-1)/(1/(-2)). Suppose 0 = -2*n + 5*n - 39. What is the highest common factor of n and i?
13
Suppose -31*n + 2211 = -2997. What is the greatest common factor of 56 and n?
56
Let a(k) = -2*k**3 + 30*k**2 - 15*k - 41. Let d be a(14). What is the greatest common divisor of 47 and d?
47
Let j = 172 + -168. Let g = -19 + 31. Calculate the greatest common divisor of j and g.
4
Let b be (135/180)/(3/8 + 0). Let g = -9 + 15. Let r be 3/(-9) - (-134)/g. Calculate the highest common factor of b and r.
2
Let q be (-11)/(-4) + (-11)/(-44). Suppose -3*r + q*d + 11 = -19, -42 = -3*r - 3*d. Calculate the greatest common factor of r and 15.
3
Let l = -10 - -12. Suppose -z = -f + 89, f = -0